ive p(j).
-12
Let r(g) = 1044 + 3*g + g - 1042 + 5*g**2 + g**3 - 7*g. Determine r(-5).
17
Let d = 13 - 5. Suppose 0 = -20*n + 18*n - d. Let v(f) = 0*f - 6 + 0*f - f. Give v(n).
-2
Suppose 13 = 5*v - 2. Let x(p) = -3 + 2*p**2 - 4*p**2 - 2052*p + p**3 + 2050*p. Give x(v).
0
Let y = -5 - -12. Let p(w) = y*w**2 + w**3 - w**2 + 6 - 2*w + 4*w. Let k be (-59)/10 - -11*5/(-550). Determine p(k).
-6
Let j(w) = w**3 - 9*w**2 + 9*w + 3. Suppose -272 = -19*t - 15*t. Give j(t).
11
Let y(t) = -t**2 - 2*t - 7. Suppose -15 = -12*j + 17*j. Calculate y(j).
-10
Let v = 14 - 11. Suppose t - v*t = 0. Let i(l) = -1 + 0 + t*l**2 - l**2. Determine i(2).
-5
Let y be 4/(-10) + 3/(-5). Let p(r) be the third derivative of r**4/4 + r**3/6 - 158*r**2. Calculate p(y).
-5
Suppose -15385 = 11*b - 15407. Let j(i) = 3*i**2 - 7*i + 5. Calculate j(b).
3
Suppose -1026 + 3066 = -8*j. Let q be (12/(-10))/((-34)/j). Let r(y) = -y**2 - 10*y - 11. Calculate r(q).
-2
Let h(u) = -u + 29. Let i(b) = -b + 20. Let z(l) = -5*h(l) + 7*i(l). Suppose 0*j + 6 = 3*j. Suppose 16 = -4*t - 2*v, -4*t + j*v + 2*v - 40 = 0. What is z(t)?
7
Let r(v) = -v**2 - 7*v - 8. Let t(s) = -74*s**2 + 2*s + 1. Let d be t(-1). Let z be 7*(-3 - d/35). Determine r(z).
-2
Suppose -2*a - 5*m = -30, 0 = -3*a + 5*m - 5. Suppose -a*h - 2*i = 18 + 29, 0 = -h - i - 10. Let c = h - -8. Let x(l) = 7*l**3 + l**2 + l. What is x(c)?
-7
Let q = 13 + -11. Let g(j) = j**3 + 2*j**2 - q*j + 2*j**2 + 4*j + 1 + 2*j. Give g(-3).
-2
Let h(a) = -5*a**2 - 36*a - 6. Let v(u) = -11*u**2 - 78*u - 13. Let x(i) = -13*h(i) + 6*v(i). Determine x(1).
-1
Let t(l) = -l**3 - 25*l**2 - 45*l + 20. Let x be t(-23). Let r(i) = 3*i - 7. Calculate r(x).
-16
Let n(r) = -1009 + 1002 + 3*r - 2*r. Let k = 3 - 3. Give n(k).
-7
Let y(k) = 16*k**2 + k. Suppose -3*h - 5*p + 16 = -3*p, -28 = -5*h - 4*p. Suppose -h*l = q + 10 - 5, -4*l - 2 = -2*q. What is y(l)?
15
Let q(f) = 6*f**3 - 10*f**2 - 6*f + 2. Let p(t) = t**3 - t**2 - t. Let z(g) = -5*p(g) + q(g). Give z(5).
-3
Let p(t) = t - 667*t**3 - 669*t**3 + 1327*t**3 - 1 - t**2. Suppose -2 = -4*k + 2*k. Give p(k).
-10
Let u(t) = 11*t**3 - 16*t**2 - 18*t + 13. Let k(d) = 2*d**3 + 3*d**3 - 8*d**2 - 5*d - 4*d + 6. Let q(r) = -13*k(r) + 6*u(r). Calculate q(-6).
18
Let x(m) = 12*m + 3. Suppose 18 = -3*s - y - 3*y, -2*y = 3*s + 12. Give x(s).
-21
Let g(x) = -4*x + 8. Suppose -t + 5 = 0, 3*o - 8 = 28*t - 32*t. Calculate g(o).
24
Let d(t) be the second derivative of 0 + 2/3*t**3 + t**2 - 22*t. What is d(5)?
22
Suppose 0 = -4*d + 3*l - 17, -2*d + 3*d - 4*l + 1 = 0. Let f(p) = 7 + 9*p - 5*p - 3*p. Let o be f(d). Let v(j) = 2*j**2 + 2*j + 1. Determine v(o).
13
Let b = -10 + 12. Suppose 3*m = -3*i - 21, 0 = -b*m - 4*i - 0*i - 22. Let w be 27/m - (1 - 3). Let q(t) = -t**3 - 8*t**2 - 6*t + 9. Give q(w).
2
Let l(w) be the second derivative of -w**3/6 + w**2 - 34*w. Suppose -4*t + t + 2*j - 15 = 0, 0 = 5*j. Determine l(t).
7
Let s(p) = p**3 - 4*p**2 + 4*p - 5. Let v(q) = 13 + 12 + 121*q - 124*q. Let w be v(7). Calculate s(w).
11
Let z(n) = -3*n**2 - 1. Let k = -30 + 19. Suppose -13*o = -37 - 119. Let s = o + k. Calculate z(s).
-4
Suppose 44*n = 39*n + 100. Suppose 4*w + n = -4. Let d(y) = y**3 + 5*y**2 - 5*y + 3. What is d(w)?
-3
Let k(o) be the first derivative of o**3/3 - o**2/2 - o + 14. Let z(l) = -l**3 - 9*l**2 + 2*l + 2. Let q(j) = 6*k(j) + z(j). What is q(-3)?
8
Suppose -4*d = 2*k + 14, -5*k = -6*d + 2*d + 91. Let s(n) = n + 11. Give s(k).
-4
Let j(l) = -5*l**2 - 29*l + 14*l - 6 - 5*l**2 + 8*l - l**3 + 4*l**2. Calculate j(-4).
-10
Suppose 0 = -5*c + 7 + 3. Let t(h) = h**c - h + 0 - h**3 + 2 + 2. Give t(0).
4
Let i(y) = -7*y + 6. Let f(d) be the first derivative of -4*d**2 + 7*d - 17. Let p(s) = -6*f(s) + 7*i(s). Calculate p(0).
0
Let k(h) = -12*h - 444. Let i be k(-37). Let g(o) = o**2 + 2*o + 22. Determine g(i).
22
Let f = 79 + -77. Suppose -10*a + f + 8 = 0. Let i(h) = 7*h**2 - h. Determine i(a).
6
Let a(u) = u + 401*u**2 - 6*u**3 + 6 + 5*u**3 - 401*u**2. Suppose 7*o - 7 = -7. Calculate a(o).
6
Let j = 1906 - 1904. Let x(k) = k**2 + k + 3. Calculate x(j).
9
Let w(h) = -h**3 - 14*h**2 - 17*h - 1. Let s(g) = -5*g**3 - 55*g**2 - 68*g - 3. Let o(m) = -2*s(m) + 9*w(m). Let q be o(17). Let l(c) = 5*c + 4. Calculate l(q).
-11
Let u(h) = h**2 - 6*h + 4. Let n be u(3). Let m(b) = -b**2 + 1. Let d(j) = -6*j**2 - 10*j - 5. Let a(s) = n*m(s) + d(s). What is a(-9)?
-1
Let y(k) = 4*k + 4. Let r(m) = 3*m + 5. Let t(a) = 5*r(a) - 4*y(a). Give t(10).
-1
Suppose 16*x = 11*x + 20. Let q(p) = 2*p**2 + p**2 - x*p - p**3 - 7*p**2 + 3*p. Suppose -2*a = -1 + 5. What is q(a)?
-6
Let w(c) = -c + 15. Suppose -50*l = 24 - 524. What is w(l)?
5
Suppose -4*m + 7 + 17 = 0. Let x(h) be the third derivative of -h**4/8 + 7*h**3/3 - 1366*h**2. What is x(m)?
-4
Let k(i) = i + 4. Let a(v) = -7 - 1 + 20*v - 23*v - 3. Let u(n) = 6*a(n) + 17*k(n). Calculate u(6).
-4
Let d be (-4)/(-2)*(-4 + 5). Let v(l) = -l**3 - 5*l**d - 2*l**2 - 2 - 8*l - 5. Suppose 4*f = 19 - 43. Calculate v(f).
5
Let l(x) = -112 - 110 + 334 - 7*x - 113 - x**2 - x. Calculate l(-6).
11
Let t(j) = -34*j**3 + 2*j - 1. Let o be t(1). Let r(b) = -24*b + 81. Let d = 183 - 179. Let m(l) = -3*l + 10. Let w(g) = d*r(g) + o*m(g). What is w(4)?
6
Let c(y) be the third derivative of 0 + 0*y + 0*y**3 + 31*y**2 + 1/24*y**4. What is c(7)?
7
Let h(x) = -x**2 - 3*x. Let s be (2 + -7)/5 + 1 + 5. Suppose 4 = 4*z, 0 = 3*v - 6*v + s*z - 14. Calculate h(v).
0
Suppose -2*n - 27 = -5*i, 0*n = -n + 4. Let c(d) = -i*d + 7*d**3 + 7*d + d. Give c(-1).
-8
Let p(u) = -u**3 - 9*u**2 - 5*u + 15. Let f be p(0). Let l(y) = y**3 - 16*y**2 + 19*y - 21. Calculate l(f).
39
Let s(n) be the first derivative of -n**2/2 - 10*n - 17. Calculate s(-13).
3
Suppose 4*b = -b + 105. Let g = b - 36. Let s be (-3)/(-3)*g/(-5). Let u(n) = -n**2 + 2*n. Give u(s).
-3
Let m(p) = -p + 9. Let v(r) = r**2 - 24*r + 99. Let o be v(18). What is m(o)?
18
Suppose 36*b = 41*b - 10. Let l(c) = -c**3 + c**2 - c - 4. Determine l(b).
-10
Let r(i) = 2 + 6*i + i**3 + 4*i - 4*i**2 - 8*i**2. Calculate r(11).
-9
Let t(a) = a - 16. Let h = -423 - -435. Calculate t(h).
-4
Let v(g) = -145736 - 2*g**2 - g + 145736. Give v(-2).
-6
Let m be ((-4)/3)/(19/(-57)). Let d(l) = 23*l - 46*l + m + 22*l. Determine d(5).
-1
Let u(j) = -6*j**2 - j - 1. Suppose -21 = 3*h + 7*k - 2*k, 5*k + 25 = -5*h. Give u(h).
-23
Let r(w) be the second derivative of 13*w**3/3 - w + 83. Determine r(-1).
-26
Let q(i) = i**2 + 5*i. Suppose 12 = 4*w, 8*y - 29 = 4*y - 3*w. Let a(d) = 3*d - 9. Let u be a(y). Suppose -14 = 4*j + u. Calculate q(j).
0
Let l = 58 + -33. Suppose l = -2*g + 17. Let o(n) be the third derivative of n**6/120 + n**5/12 + n**4/6 + 5*n**3/6 - 2*n**2. Determine o(g).
5
Let k(r) be the first derivative of -4*r - 9 + 3/2*r**2. Give k(3).
5
Let r(a) be the first derivative of -13*a - 23 - 1/2*a**2. Give r(-6).
-7
Let u(s) = -s**3 - 15*s**2 - 15*s - 15. Let n be u(-14). Let y(q) be the first derivative of -q**2 + q - 10. What is y(n)?
3
Let z(h) = -h - 6. Let t(m) = -m - 7. Let b(a) = 6*t(a) - 5*z(a). Suppose p + 3*c - 4 + 19 = 0, 4*p - 10 = 2*c. Suppose -5*s + 10*s = p. Determine b(s).
-12
Let j(v) be the first derivative of v**5/60 - 5*v**4/24 + 17*v**3/3 + 1. Let b(y) be the third derivative of j(y). Give b(4).
3
Let v(j) = j. Let q be v(0). Let w be (-4 - -6)*(-3)/(-2). Let b(d) = 9*d + d - 11*d + w. Calculate b(q).
3
Suppose 6*v = v + 2*j - 24, -3 = j. Let i(u) = -u**3 - 6*u**2 - 2*u + 5. Determine i(v).
17
Let k(u) be the third derivative of u**6/60 + u**5/20 + u**4/24 + u**3/3 - 2*u**2. Let x = -52 - -51. Let o be (-5 - (-11 + 4)) + x*4. What is k(o)?
-4
Let k = -78 + 73. Let t be 6 + k - (1 + -2)*-2. Let m(z) be the second derivative of 7*z**5/20 + z**4/6 + z**3/3 + z**2/2 - 2*z. Determine m(t).
-6
Let v(k) be the second derivative of k**5/20 - k**4/2 - 5*k**3/3 - 3*k**2/2 + 218*k. Give v(8).
45
Suppose 3*h = 2*f - 12, 8 + 4 = 5*f - 3*h. Let l(k) = 2*k**3 - 3*k**3 - k**2 - k - 14 + 5 + 2. What is l(f)?
-7
Let w(i) be the first derivative of i**2/2 + 6*i + 1. Suppose 2*p + 4*c = 8, -4*p + 2*c + 16 - 50 = 0. Calculate w(p).
0
Let z(m) = -3*m**2 - 2*m - 1. Suppose -3*t + 57 = -9. Suppose 0 = -4*j - t - 18. Let s be j/(-20)*(-4 + 0). Determine z(s).
-9
Suppose -2*q + 35 = 5*z, q -